Let q be t(11). Is (-75741)/2*((-8)/(-12))/q a prime number?
True
Suppose 3*i - 87422 = -2*f, -5*f = -4*i + 43097 - 261652. Is f a composite number?
False
Let y = -31 + 31. Suppose 0*i - 4 = 2*i, -d + 3*i + 2443 = y. Is d a prime number?
True
Let c be -9078 + (-6 + 16/4 - 3). Let h = c - -15394. Is h a prime number?
True
Suppose -y - z = -19846, 5*z - 797 = -772. Is y composite?
False
Suppose c + 99*p - 138401 = 97*p, 691951 = 5*c + p. Is c a composite number?
False
Let g = -26 - -38. Suppose 2*p - g = -8. Suppose -1233 = -r - p*r. Is r composite?
True
Suppose 3*x = -x + 3*i + 21050, -3*i + 26299 = 5*x. Is x composite?
False
Is 561/(-51) + (0 - -2415604) a prime number?
True
Suppose 303*i - 53097469 = 15226304. Is i composite?
True
Let b be (4 - 48)*(-2 - 42/3). Suppose 6*o = -10*o + b. Suppose -140 = -8*u + o. Is u composite?
False
Let w(y) = 488*y**2 + 1951*y - 2. Is w(-9) a composite number?
True
Let u = 248380 + -171713. Is u composite?
False
Suppose 129 = 2*z + 125. Suppose 3*x = 5*f - 15071, 0*x - z*x + 15061 = 5*f. Is f prime?
False
Let o = 0 - 15. Let j = o - -19. Suppose -5*q + 2*w + 212 = -389, -5*q + j*w = -607. Is q a composite number?
True
Suppose 0 = 5*m - m - 8. Let o be (0 - m/(-6)) + (-76)/(-6). Let j(y) = 41*y + 30. Is j(o) prime?
True
Let g = 40692 - 22856. Suppose -5*f = -l + 3*l - 44605, -g = -2*f - 2*l. Is f composite?
False
Let f(y) = 44*y**2 + y - 2. Let r = 59 - 56. Suppose 0 = -3*w - 0*w + r. Is f(w) composite?
False
Let f = -124401 + 237896. Is f a composite number?
True
Suppose -4*b + 26645 = b. Suppose g - 3*n = 7793, 2*g + 0*n + n = 15607. Let o = g - b. Is o a prime number?
True
Let s = -473 + 475. Suppose 2*x + 19*i - 16*i = 14071, 3*x - 21119 = -s*i. Is x composite?
False
Suppose 8 = 176*s - 174*s. Suppose -43092 = -s*w + 5*r - 3*r, 4*r - 32297 = -3*w. Is w prime?
True
Suppose 2*j - 72 = 2*r, 2*r + 0*r - 5*j = -72. Let b = r + 38. Is 935/b - (-7 - 15/(-2)) a prime number?
True
Suppose -3*s = -141025 - 149282. Is s a prime number?
True
Let d(r) = -148*r**2 - 2*r + 33. Let q be d(8). Is (-2)/6 + 5 + q/(-15) a composite number?
True
Suppose -2*u + 180635 = -3*y, 0 = 21*u - 18*u - y - 270942. Is u a composite number?
False
Let b be 3*(-11)/(198/(-12)) - -1. Is -1 + (13293 + b)/8 composite?
True
Let f(b) = -b**3 - 8*b**2 - 7*b + 4. Let a be f(-7). Suppose a*u - u = -6. Is -30*44/(-8) + u a composite number?
False
Let o = -420 - -8393. Let k = -2082 + o. Suppose 470 - k = -3*f. Is f a prime number?
False
Let v = 1438 - 2424. Let t = v + 7622. Suppose -t - 6230 = -14*x. Is x a composite number?
False
Is -8*(-2)/(-4) - (-7 + -95067 + 7) a composite number?
False
Suppose -64*m = -4*m - 2434260. Is m composite?
True
Is ((2 - -1) + (-1528)/(-16))/((-8)/(-4016)) composite?
True
Let z = 123 + -67. Is (-3)/(-12) - (-4634)/z composite?
False
Suppose -4*h = -3*q - h + 9, q - 2*h = 0. Suppose w - i - 4802 = -2*i, 5*i = 4*w - 19172. Is (-16)/q + 2 + w/6 prime?
False
Suppose -5*i = -13*d + 10*d + 956458, 0 = 3*d + 2*i - 956465. Is d prime?
False
Let d(z) = -z**3 + z**2. Let c(s) = 155*s**3 - 7*s**2 + 5*s - 6. Let m(i) = c(i) + 6*d(i). Let l be m(3). Suppose 1108 = -5*w + l. Is w prime?
False
Let b = 196664 - 98923. Is b a prime number?
False
Is (-5 + -5)/((-14)/12131) prime?
False
Let p be (105/6)/((-3)/(-396)). Suppose -4*n - 5*j + p = 121, j - 546 = -n. Is n prime?
True
Let t = -75 - 10. Let m be (51/t)/(1/(-10)). Suppose 3*s = 6 + m. Is s a prime number?
False
Let n = -23 + 24. Let m be 560 - (-2 + (n - 1)). Let b = m + -297. Is b prime?
False
Let t be ((-624)/36)/(8/(-18)). Suppose 0 = t*a - 395434 - 188357. Is a prime?
True
Let s(h) = h**3 + 10*h**2 - h - 14. Let x be s(-10). Is (2/(32/(-7256)))/(2/x) a prime number?
True
Suppose 11*v - 26764 - 82290 = 0. Let s = 18657 - v. Is s a prime number?
False
Let f(h) = -h**2 + 6*h + 109. Let p be f(-7). Suppose -p*g + 11585 = -13*g. Is g prime?
False
Let b = -4 + 7. Suppose -b*u = -5*w + 6, -18 = -10*w + 5*w - u. Suppose w*n = 478 + 239. Is n a prime number?
True
Suppose -4*q = -4*g + 1083496, 552*g = 553*g + 3*q - 270862. Is g a composite number?
True
Let u(j) = -j**2 + 667*j + 611753. Is u(0) prime?
True
Let l(w) = -3*w - 43. Let z be l(-15). Is 1 - -1 - -38*101/z a prime number?
False
Let i = -776 + 1592. Let r be 600/(-2) - -1 - 0. Let t = i + r. Is t composite?
True
Let o be (108/(-10))/(15/(-2 - 3073)). Suppose -4*a + o = -10390. Is a a prime number?
False
Let o(m) = -73*m + 59951. Is o(0) a composite number?
False
Let o(v) = 0*v + 4*v**2 - 4*v + 2*v + v**3 - 3*v**2. Let h be o(2). Suppose -h = 2*d - 100. Is d a composite number?
True
Let o(u) = -2*u - 32. Let g be o(-12). Let z(w) = -w**3 + 9*w**2 - 14*w + 17. Is z(g) composite?
False
Suppose -9*m - 1447601 = -13*m + j, -m + 5*j = -361886. Is m a composite number?
False
Let y = 101031 + 39302. Is y composite?
False
Let y = -366 + 369. Suppose 0 = k - y + 1, -k + 2086 = 4*f. Is f a composite number?
False
Suppose -6*h - 48 + 60 = 0. Suppose -5*a = -0*a + 25, -5*c + 36225 = -h*a. Is c prime?
True
Suppose -8*g = -3*d - 10*g + 26, 0 = -3*g + 12. Suppose u - 4095 = 2*k, -10*u + d*u + 2*k + 16392 = 0. Is u composite?
False
Suppose 59*q - 25107495 = -46*q. Is q prime?
True
Let h be (-4)/5 - (-5)/(-50)*6382. Let u = 1713 + h. Suppose 4*v + 342 = u. Is v prime?
False
Let h(l) = -16*l**3 - 26*l**2 - 37*l - 544. Is h(-11) prime?
True
Suppose -31*z = -3288038 - 2098409 - 3692430. Is z a composite number?
False
Let d(n) = -7*n**3 + 3*n**2 + 5*n + 6. Suppose r = 3*m - 27 + 9, 2*r - 2*m = -16. Let a be d(r). Suppose 4*j = -q + 2*j + a, 5*j + 459 = 2*q. Is q prime?
False
Let l(q) = -q**3 + 20*q**2 + 34*q - 514. Is l(-41) composite?
True
Let t = 2052847 - 1262424. Is t a composite number?
True
Let w be 18*(-2 + 5856/18). Let d = 9377 - w. Is d a composite number?
False
Let i = 7 + -1. Suppose 0 = -5*g + i*g - 8. Suppose 16612 = g*r - 4*r. Is r a prime number?
True
Let y(p) = -16*p - 23. Let k be y(-1). Let j(s) = 22*s**2 + 4*s + 32. Is j(k) a composite number?
True
Let h(c) = -7*c**3 + 62*c**2 + 120*c + 39. Is h(-26) a prime number?
False
Suppose 1070*r = 1078*r - 9712. Let t = 1937 + r. Is t composite?
True
Let u be 73/2 + 2 + (-9)/18. Let o = 75 - u. Is (o/(-4))/((-12)/96) a prime number?
False
Suppose -1426*f - 254215 - 301018 = -1433*f. Is f a composite number?
False
Let q = -342 - -971. Let t be (366/(-8))/(2/(-16)). Let x = q - t. Is x a composite number?
False
Let m = 132 + -148. Is 303*(m/(-6) + -1) a composite number?
True
Let g be ((75/(-4))/(-5))/(31/(-36332)). Let q = -2236 - g. Is q composite?
True
Let h(w) = -w + 17. Let b(c) = -c**2 - 9*c - 19. Let m be b(-7). Let f be h(m). Is (f/33)/(2/174) composite?
True
Suppose -3*r - 3*s + 1310733 = 0, 873828 = 57*r - 55*r + 5*s. Is r prime?
False
Let o(y) = -3*y + 12. Let m be o(-5). Suppose -37*d = -m*d - 18370. Is d composite?
True
Let x(f) = -38*f**3 - 46*f**2 + 4*f + 511. Is x(-28) a composite number?
True
Let d be 3*((-4)/(60/(-115)) + -3). Let l(x) = 72*x + 1. Is l(d) a composite number?
False
Let o(z) = 2*z**3 + 3*z**2 - 4*z - 6. Let x be o(-2). Is (-2455)/x*(7/5 + -1) prime?
True
Suppose 2*k + 81*j - 80*j - 101606 = 0, 2*k + 3*j = 101606. Is k a prime number?
False
Let l(m) = 2201*m + 3617. Is l(82) a prime number?
False
Let l(w) = -w**2 + 7*w + 15. Let b be l(8). Suppose -8 = 8*a - b*a. Is (-8315 + 0)*(39/5 + a) prime?
True
Let i = -227727 - -340863. Suppose -2*q - 4*h = -75446, -5*h = 3*q - 10*h - i. Is q a composite number?
False
Suppose 643475 = 12*b - 16177. Is b composite?
True
Let v be (0/(-2))/((-2)/(-5)*-5). Suppose 7*l + l = v. Let w(d) = 3*d + 109. Is w(l) composite?
False
Suppose -318177 = -1971*v + 1962*v. Is v prime?
True
Suppose -2*a = 4*t - 4*a - 22, -28 = -5*t + 3*a. Let w be (-2 - 44/t)/(3/(-110)). Let h = -219 + w. Is h a prime number?
False
Let w(z) = -64*z**3 - 8*z**2 - 10*z - 4. Let h be w(-4). Let p = h + -2298. Is p a prime number?
False
Let m = 4560 + 4147. Is m a prime number?
True
Suppose 38*m = 29*m - 60840. Suppose 2788 = h - 8957. Let j = m + h. Is j prime?
False
Let v(u) = 2*u**2 + 2 + 3 - 498*u**3 - 21*u + 29*u + u**2. Is v(-2) a prime number?
False
Let z(q) = -3*q**3 + 22*q**2 - 10*q - 20. Let y(i) = -2*i**2 + 2. Let m(l) = -y(l) - z(l). Let 